u(31)?
8
Let a be 6122/3 + 34/(-51). Let i = 2876 - a. What is the units digit of i?
6
Suppose 429*t - 331*t - 24309740 = -420*t. What is the tens digit of t?
3
Suppose 6330 + 2066 = f. What is the units digit of f?
6
Let j(x) = 4*x - 16. Suppose 1 = 2*u - 3. Suppose -9*g + 42 = -u*g. What is the units digit of j(g)?
8
Let f(b) = 5*b**2 + 22*b + 79. Suppose -4*m = 4*m + 120. What is the hundreds digit of f(m)?
8
Let d be ((-168)/(-10))/((-126)/(-2835)). What is the units digit of 4/14 + 253152/d?
0
Let s(k) = 2884*k + 6851. What is the thousands digit of s(9)?
2
Suppose 3*h - 15655 = -8*w, -3*h + w + 2*w = -15633. What is the thousands digit of h?
5
Suppose -7*k + v + 138965 = 0, 471*k + 3*v + 19875 = 472*k. What is the ten thousands digit of k?
1
Let h = -496 + 499. Suppose 2*j = 4*q + 2196, -5*j = h*q - 2523 - 3019. What is the tens digit of j?
0
Let w = 58 - 56. Suppose w*z + 2*z - 80 = 0. What is the tens digit of (-281)/(-4) + 15/z?
7
Suppose z - 10 - 10 = 0. Suppose 0 = -p - 3*p + z. Suppose -p*c + 704 = 3*c. What is the tens digit of c?
8
Let g(q) = -140*q**3 - 4*q**2 + 100*q + 461. What is the ten thousands digit of g(-5)?
1
Suppose 0 = 11*f - 18321 + 7200. Suppose -4*c + 421 = 5*k - f, 20 = 5*k. What is the hundreds digit of c?
3
Let a(f) = 2*f - 28. Let r be a(16). Suppose 0 = -0*b - r*b + 1596. What is the tens digit of b?
9
Suppose -15 = 3*r, 2*r + 8 = 3*g + 4*r. Let a(t) be the third derivative of t**5/20 - 7*t**4/12 + 43*t**3/6 + 30*t**2. What is the tens digit of a(g)?
6
Let t(k) = 35*k + 157. Let l be t(-7). What is the tens digit of 244/11 + 7 + 632/l?
2
Let v(o) = 4*o**3 - 17*o - 27. Let q be v(-2). Suppose 0*f - 16 = 2*p + 2*f, 3*f - 46 = 4*p. What is the units digit of p/(-4)*((-620)/q + 2)?
7
Let a(z) = -13*z**2 - 15*z + 46. Let c be a(3). Let x = 128 - c. What is the units digit of x?
4
Suppose -29*u - 282890 = 19*u - 765578. What is the tens digit of u?
5
Let t(z) be the second derivative of 7*z**3/6 + 33*z**2/2 - 67*z. What is the tens digit of t(19)?
6
Let h = 42 + -60. Let i be ((-88)/(-6))/((-12)/h). What is the tens digit of ((-1382)/22 + (-4)/i)*-1?
6
Let n be -20 + 3336 - (0 - -2)*-2. Suppose 220*r - 210*r = n. What is the tens digit of r?
3
Suppose -14*o - 102 = -32. Let h be (-360)/o*(-2)/(-4). Suppose h*f - 41*f + 580 = 0. What is the units digit of f?
6
Let g(o) = 4*o - 123. Let r be g(32). Let l = 1525 - 373. Suppose -r*y = -l + 297. What is the units digit of y?
1
Let y(m) = 90*m**2 - 30*m + 5. Let z = -525 - -528. What is the units digit of y(z)?
5
Suppose -28*c + 29*c = 13. Let f = 13 - c. Suppose 4*x - 463 = z, -5*z + z - 12 = f. What is the hundreds digit of x?
1
Suppose 21373 = 5*s - 14617. What is the thousands digit of s?
7
Let p(j) = -j**2 - 11*j - 20. Let b(z) = -3*z**2 + 7*z + 9. Let x be b(4). Let l be p(x). Let k(i) = -i**2 - 27*i - 6. What is the units digit of k(l)?
4
Let r = 771 - 449. Suppose 0 = 11*k + r - 1026. What is the tens digit of k?
6
What is the units digit of (8 + 612/(-27))*(-10251)/6?
8
Let v(t) = 612*t + 17. Let u(z) = -304*z - 9. Let p(o) = -5*u(o) - 3*v(o). What is the tens digit of p(-3)?
4
What is the units digit of 1 + ((-4)/(-6))/(8/12) - -2668?
0
Let a(q) = q**2 + 13*q - 68. Let j be a(-17). Suppose -9*c + 3846 - 228 = j. What is the tens digit of c?
0
Let l be (8/(-10))/(22/(-605)*1). Suppose l*n - 26551 - 3545 = 0. What is the tens digit of n?
6
Let k be -8*(-8)/64 - 52. Let i = k - -64. What is the tens digit of i?
1
Suppose -11*o - 4785 = -16*o. Suppose o = -13*x + 3622. What is the tens digit of x?
0
Let s be 4/14 - (-388)/14. Let v(y) be the third derivative of -y**4/12 + 29*y**3/3 - 40*y**2 + 9. What is the units digit of v(s)?
2
Let j be (-3 + 9)*(0 - (-609)/6). Let r = 897 - j. Suppose 9*m - 18*m = -r. What is the units digit of m?
2
Let i(a) = 2*a**3 - 23*a**2 + a + 2. Suppose 0 = -3*v - 5*l + 11 + 30, v - 10 = 2*l. What is the hundreds digit of i(v)?
1
Suppose 11*c - 3381 = -1269. Let v = 61 + -26. Let t = v + c. What is the hundreds digit of t?
2
Let a(n) = 416*n + 17. Let l be a(2). Let c = -362 + l. What is the hundreds digit of c?
4
Suppose -78*p = 190*p - 39664. What is the units digit of p?
8
Suppose 5*t - 108799 = 2*k, -2*t + 19854 = 4*k - 23680. What is the ten thousands digit of t?
2
Let h be (1*2/(-4))/((-3)/44508). Suppose -h = -35*v + 10677. What is the hundreds digit of v?
5
Let s = 93 - -283. Let q = s + 563. What is the units digit of q?
9
Let o = 46 - 34. Let f(x) = x - 32. Let q be f(o). Let z = q + 88. What is the tens digit of z?
6
Suppose 4*c + 712 = 6*c. Suppose 6*p = 4 + c. Let z = p + -6. What is the tens digit of z?
5
Let t = 39 - 34. Suppose -f - 20 = -t*f - 2*a, -3*a - 15 = -3*f. What is the hundreds digit of (f - (-5 + 13)) + (120 - 0)?
1
Suppose -119*n + 642174 = -41*n. What is the units digit of n?
3
Let t = 502 + -953. What is the hundreds digit of (0 - 0) + (t/1)/(-1)?
4
Let s(c) = 2*c**3 - 16*c**2 + 29*c - 7. Let q be s(6). Suppose -5*h + q*h = 27900. What is the hundreds digit of h?
5
Let l be 52/13 + 0/(-1). Suppose 439 = l*y - 533. Suppose 5*f - y - 142 = 0. What is the units digit of f?
7
Suppose 2*l - 8 = 0, z = -2*z - 4*l + 16. Suppose z = 24*p - 11*p. What is the tens digit of p - ((-9)/18)/(2/232)?
5
Suppose -7*v + 1068 = -v. What is the tens digit of v/(-8)*(-10 + 6)?
8
Let x(s) = 47*s - 7. Suppose -3*j + 6 = -t, -2*j = 3*t - 3 - 1. Let k be x(j). Suppose k = -7*i + 759. What is the tens digit of i?
9
Let i = 32 - 38. Let m(y) = y**3 + 8*y**2 + 10*y - 13. Let b be m(i). What is the tens digit of (-2)/2 - -79 - (b + -2)?
8
What is the hundreds digit of (3384/5)/(((-36)/300)/(-6 + 4))?
2
Let w = -8648 - -14077. What is the hundreds digit of w?
4
Let i = 6472 + -3547. What is the units digit of i?
5
What is the hundreds digit of 892/(-12)*((-54)/21)/(15/70)?
8
Let v = 28 - 26. Suppose 0 = v*k + q - 13, -5*q + 0 + 41 = 4*k. Suppose k*x - 5*n = 56, x = -n - 0 + 5. What is the units digit of x?
9
What is the ten thousands digit of 633416/196*14/4?
1
Suppose -4*f + 2140 = -5*b, 0 = -27*f + 30*f + 5*b - 1605. What is the hundreds digit of f?
5
Let u(m) = 2*m**3 + 57*m**2 - 40*m + 229. What is the units digit of u(-28)?
3
Let w be (-304)/114*6/8. What is the units digit of 827 + w*8/16?
6
Suppose -584*k = -396*k - 5709184. What is the units digit of k?
8
Let p be (-4 - ((-34)/5 - -4))*-170. Suppose 9*b - p = 8*b. Suppose 4*c + d = 278, 4*c = c - 3*d + b. What is the tens digit of c?
7
Suppose 2*d - 2*t - 27204 = 0, -3*d - 5*t + 53850 - 13044 = 0. What is the hundreds digit of d?
6
Let i(y) = 8*y**2 + 30*y - 25. Let w(x) = -8*x - 195. Let b be w(-23). What is the tens digit of i(b)?
1
Let f(t) = -1142*t + 10. Let x be f(-3). Suppose -2*h + 8 = 0, 4*h - x = 3*c - 8*c. What is the tens digit of c?
8
Suppose 32839 = 6*w - 128791 - 76816. What is the ten thousands digit of w?
3
Let l = 24560 - 15113. What is the thousands digit of l?
9
Let w = 6883 - -1228. What is the tens digit of w?
1
Let u be (-2)/(-7) + 1 + (-45)/35. Let y be 4/(2/1 - u). Suppose y*z - 7*z + 191 = d, 2*z - 4*d = 94. What is the tens digit of z?
3
Let z = -463 - -20255. What is the thousands digit of z?
9
Suppose 4*x - 4*d - 4096 = 0, -x = -0*x + 3*d - 1044. Let w = x + -404. What is the units digit of w?
5
What is the thousands digit of (-2 + 556588/8)*(-23 + (-781)/(-33))?
6
Let z = 159 + -93. Suppose 3*f + z = 609. What is the units digit of f?
1
Let g be 483/(-207)*(-15)/7. Let c = -12 - -8. What is the units digit of g/c + 798/24?
2
Let s = 253 - 174. Let f be (2*(-233)/3)/((-14)/21). Suppose 0 = -s*p + 78*p + f. What is the tens digit of p?
3
Let u(r) = r**2 + 6*r + 3. Let w be u(-6). Let k be 183/12 + 9/12. What is the units digit of k + 2 - (w + 0)?
5
Let w be ((-117)/78)/((-6)/20). Suppose 91 = 5*c - n - 2459, 5*c = w*n + 2530. What is the units digit of c?
1
Suppose -39*t = -34*t + 4*d - 44716, 0 = -t + d + 8936. What is the hundreds digit of t?
9
What is the units digit of (-3)/(-14 - 1301529/(-92967))?
9
Suppose 5*z - 37 = 3. What is the hundreds digit of (-863)/(-4) - (-2)/z?
2
Let h be 11*(25/(-5) + 6). Suppose -h*p = -15*p + 944. What is the units digit of p?
6
Suppose 13*w - 1796 = 9*w. Let g = w + -33. What is the units digit of g?
6
Suppose 